?
5, 29
Let k be (2 - -2) + 1464/6. Suppose y - k = -3*y. List the prime factors of y.
2, 31
Suppose 2*s - 4*j = 16, -4*s + 26 = 4*j - 18. Let i be (-33)/(-7) - (-2)/7. Suppose -i*l + 85 + s = 0. What are the prime factors of l?
19
Let i(q) = 7*q - 48. Let d be (-9 - 12/(-4))*5/(-2). What are the prime factors of i(d)?
3, 19
Suppose 4 = 4*h, -4*q - 4*h = -3*h - 1. Suppose -s = q, l - 7*s + 4*s - 5 = 0. What are the prime factors of l?
5
Let m(o) = -85*o - 181. List the prime factors of m(-7).
2, 3, 23
Suppose -3052 - 6787 = -6*t + z, -1659 = -t + 4*z. List the prime factors of t.
11, 149
Let f be (-21)/(-6) - (-3)/(-6). Suppose -4*z - 2*i - 2 = 6, f*z + i = -4. Suppose 4*o - 94 = 5*g, -4*g + 6 + 2 = z. List the prime factors of o.
2, 13
Suppose -v - 3537 = -10*v. What are the prime factors of v?
3, 131
Let k(h) = 5*h - 1. Let x be k(1). Suppose -5*l + 4*a - a = -1080, x*l - 4*a = 856. Suppose -5*c + i - 5*i = -l, 5*c = 3*i + 247. List the prime factors of c.
47
Let t(z) = 41*z + 4. Let p(j) = 40*j + 3. Let i(c) = 6*p(c) - 5*t(c). What are the prime factors of i(3)?
103
Let p(z) = -98*z**3 - 4*z**2 - z - 2. What are the prime factors of p(-2)?
2, 3
Let d = 34 - 20. Let t be (0 + d)*(-36)/(-42). Let f = -8 + t. List the prime factors of f.
2
Let w be (0 - 6)*(-4)/12. What are the prime factors of w/(-5) + (-3136)/(-40)?
2, 3, 13
Let h(j) = 119*j**2 - 219*j - 1059. List the prime factors of h(-5).
3011
Suppose -35 = 5*v - 10*v. Suppose -o - v - 11 = 0. What are the prime factors of o/7*(-2 + -5)?
2, 3
Suppose -7*x = -12*x + 25. List the prime factors of 1/x - (-1806)/70.
2, 13
Let h be ((-4)/(-12))/((-3)/(-63)). Suppose 2*k = 2*o - 16, -2*o - 15 + 37 = -4*k. Suppose -o*u + 2*u = b - 7, 0 = 2*b - u - h. List the prime factors of b.
2
Let x(o) = o**2 - o - 3. Let t be x(8). Suppose 0 = 2*s + s + 4*l - 28, 3*s - t = l. List the prime factors of ((-15)/2)/((-12)/s).
2, 5
List the prime factors of ((-2)/4)/((-4)/(-120)*-3).
5
Suppose 4*x = -5*r + 9, -r + 9 = -0*x - x. Suppose 4 = 4*q - r*z + 26, -2*z - 2 = 2*q. Let j(k) = k**3 + 3*k**2 - 3*k - 4. What are the prime factors of j(q)?
5
Suppose -d - z - 2*z = 0, -d = -2*z. Suppose d = 4*u - 21 - 207. List the prime factors of u.
3, 19
Suppose -9*j + a = -12*j + 3924, -j - 2*a + 1313 = 0. List the prime factors of j.
1307
Suppose -15826 = 19*n - 46188. What are the prime factors of n?
2, 17, 47
List the prime factors of (-28854)/(-11) + (-46)/22 + 2.
43, 61
Suppose -1938 = -11*i + 5586. What are the prime factors of i?
2, 3, 19
Suppose 8632 = -9*q + 22*q. What are the prime factors of q?
2, 83
Let q = -3 + 12. Let w = q - 0. List the prime factors of w/6*(-132)/(-9).
2, 11
Let y(q) = -q**2 - 9*q + 2. Let m be y(-9). Suppose -3*x - 3*n + 757 = x, -2*x - m*n = -378. Suppose -x = g - 6*g. List the prime factors of g.
2, 19
Suppose -z + 4*m + 1458 = 83, 5*z - 6875 = 5*m. What are the prime factors of z?
5, 11
Let s = 152 + -123. Let n be ((-16)/6)/((-2)/39). Let m = n - s. List the prime factors of m.
23
Let s(g) = -2*g**3 - 2*g**2 + 2*g - 3. Let b be s(3). Let n be 1 + b + -2 + -2. Let m = 109 + n. What are the prime factors of m?
37
Let r be 2 + 0/(-3 + 4). Suppose 3*d - 150 = -3*j, r*j - j + 158 = 3*d. What are the prime factors of d?
2, 13
Let j = -7 + 11. Suppose -2*a - 2*a = -3*m + 119, -5*m + j*a + 209 = 0. List the prime factors of m.
3, 5
Let q = 3651 - 2070. What are the prime factors of q?
3, 17, 31
List the prime factors of (-6)/(-39) + 6660/481.
2, 7
Suppose 0 = 15*c + 940 + 2795. Let w = -90 - c. What are the prime factors of w?
3, 53
Let a = 43 - 28. Let o(x) = x**3 - 15*x**2 + 21. What are the prime factors of o(a)?
3, 7
Let v be (-4)/(-6) + (-170)/3. Let x = v + 15. Let l = x + 80. List the prime factors of l.
3, 13
Let s(q) = 2*q**3 - 3*q**2 - 29*q + 156. List the prime factors of s(10).
2, 3, 29
Let r = -37 + 65. Let z = r - -30. What are the prime factors of z?
2, 29
Let z(h) = -43*h + 6. Let t(g) = 44*g - 5. Let p(j) = 3*t(j) + 2*z(j). List the prime factors of p(4).
181
Suppose -63 = 2*j - 11. Let x = 40 + j. Suppose 0 = -5*c + x + 96. List the prime factors of c.
2, 11
Suppose 44*p - 6762 = 2*p. List the prime factors of p.
7, 23
Let s(k) = k**3 - 3*k**2 - 3*k - 2. Suppose b + 2 = -0. Let l be 6/9*(8 + b). List the prime factors of s(l).
2
Suppose 0 = -2*f - r + 8136, 0 = -f + 3*r + 1044 + 3010. What are the prime factors of f?
2, 19, 107
Suppose -3*d = -9, 4*u - 4 = -d + 11. Suppose -3*f - x = -213, 3*f - 284 = -f - u*x. List the prime factors of f.
71
Let y = 15 - 24. Let j(f) = -f**3 - 8*f**2 + 9*f - 6. Let o be j(y). Let h = 16 - o. What are the prime factors of h?
2, 11
Let k = 1707 - -2767. List the prime factors of k.
2, 2237
Let d(w) = w**3 + w**2 - 4*w - 6. Let f be (-30)/(-40) - (-34)/8. What are the prime factors of d(f)?
2, 31
Let j be (-1*(1 - -2))/(-1). Suppose -j*y - y + 104 = 0. Suppose 0*v - 4 = -d - v, 5*d - y = -2*v. List the prime factors of d.
2, 3
Suppose -28 = -5*b + p, p = -3*b - p + 9. Suppose 676 - 231 = b*z. List the prime factors of z.
89
Let r be 1/(-3) + (-40375)/(-57). Suppose -5*t + 777 = -r. What are the prime factors of t?
3, 11
Let d = -877 - -892. Let f be ((-1)/(-2) + -2)*-2. Suppose 4*u - f*u - d = 0. List the prime factors of u.
3, 5
Suppose 4*f - 30 = -f. List the prime factors of f/4*-39*(-48)/54.
2, 13
Let i be 1 - -6 - (-21 - -18). Suppose -i = -x + s + 25, 0 = 3*x - 5*s - 99. What are the prime factors of x?
2, 19
Let n = -40 - -57. Suppose -n*i - 1712 = -5231. List the prime factors of i.
3, 23
Suppose -54*s - 55*s = -184864. List the prime factors of s.
2, 53
Suppose -30 - 2 = -8*q. Suppose 5*w = -20, 0 = -4*i + 5*w + 904 - q. List the prime factors of i.
2, 5, 11
Let w(k) = -k**3 + 15*k**2 - k + 7. Let p = -33 - -48. Let i be w(p). What are the prime factors of ((-116)/16)/(2/i)?
29
Suppose -21*g - 5282 = -59*g. What are the prime factors of g?
139
Let m = -200 + 198. Let k(s) = -s + 3 + 3*s + 7*s**2 + 3*s**2. What are the prime factors of k(m)?
3, 13
Let x(l) = 2*l**2 + 3*l - 13. Suppose 2*f - 5 - 7 = 0. Suppose -4*v + f = -14. What are the prime factors of x(v)?
2, 13
Let k(t) be the third derivative of t**6/120 - t**5/15 + t**4/12 - t**3/2 + 27*t**2. What are the prime factors of k(5)?
2
Let m = -55 - -72. Suppose m = 2*u - p - 19, -5*u - 5*p = -120. What are the prime factors of u?
2, 5
Suppose 5*d - 799 = 231. Suppose -i - 3*h + d = 0, -806 = 2*i - 6*i - 3*h. List the prime factors of i.
2, 5
Let r(t) = 223*t**2 - 3*t - 16. List the prime factors of r(-3).
2, 5
Let d(u) = -u - 4. Let h be d(-2). Let k = h + 37. List the prime factors of k.
5, 7
Suppose -41*k + 49*k - 19760 = 0. What are the prime factors of k?
2, 5, 13, 19
Let q be (12/(-4) - -3)/1. List the prime factors of (-3 - q) + ((-126)/(-7) - -1).
2
Let s = -6 + 3. Let z = s - -8. Suppose -95 + 20 = -z*h. What are the prime factors of h?
3, 5
Let p(s) be the third derivative of s**5/60 + s**4/8 - 3*s**3/2 - 4*s**2. List the prime factors of p(7).
61
Let f(z) = -z**3 - 5*z**2 + 10*z + 10. Let d be f(-7). Suppose 10*p - d = 9*p. List the prime factors of p.
2, 19
Let c(r) = 3*r**2 + 5*r - 3. What are the prime factors of c(14)?
5, 131
Let c = -3 + -2. Let k = -1 - 11. List the prime factors of ((-16)/c)/(k/(-150)).
2, 5
Let i = -9 - -14. Suppose 3*h = -b - 0*b + 26, h - i*b - 14 = 0. What are the prime factors of (190/15)/(2/h)?
3, 19
Let h = -415 + 1409. What are the prime factors of h?
2, 7, 71
Let v(s) = s**2 + 18*s + 13. Let h be v(-17). List the prime factors of (h/(-8))/((-6)/(-996)).
83
Let d(b) = b**3 + 14*b**2 + 3*b + 9. What are the prime factors of d(-6)?
3, 31
Suppose h - m - 8 = 0, -5*h + 3*m = -m - 42. Suppose -h*p = -404 - 696. What are the prime factors of p?
2, 5, 11
Suppose 65 = 5*b + 2*q, b + 8*q = 3*q + 36. Let p = -6 + b. What are the prime factors of -2 + p - (1 - 35)?
37
Let m = -1 - -4. Suppose 5*b + 2*h - 13 = 1, -4*b = -m*h - 2. List the prime factors of (17 - (b + -1)) + -1.
3, 5
Let a(z) = -15*z + 22. What are the prime factors of a(-3)?
67
Let o(k) = 10*k**2 - 21*k - 214. What are the prime factors of o(15)?
1721
Suppose 35*o = 31*o + 3*d + 10986, o - 2737 = -4*d. List the prime factors of o.
3, 5, 61
Let b(c) be the second derivative of c**4/12 